t is the ten thousands digit of 1999881?
9
What is the ten thousands digit of 99521?
9
What is the tens digit of 122417?
1
What is the thousands digit of 400557?
0
What is the thousands digit of 8410470?
0
What is the units digit of 748887?
7
What is the hundred thousands digit of 6048323?
0
What is the tens digit of 338805?
0
What is the tens digit of 3507470?
7
What is the hundred thousands digit of 462176?
4
What is the hundred thousands digit of 2553163?
5
What is the hundreds digit of 1885683?
6
What is the hundred thousands digit of 410352?
4
What is the hundreds digit of 4480115?
1
What is the ten thousands digit of 20419?
2
What is the hundred thousands digit of 1156106?
1
What is the hundreds digit of 1496952?
9
What is the ten thousands digit of 1935406?
3
What is the ten millions digit of 11273568?
1
What is the units digit of 571784?
4
What is the units digit of 1688209?
9
What is the units digit of 14678243?
3
What is the thousands digit of 194000?
4
What is the units digit of 9232245?
5
What is the units digit of 250678?
8
What is the tens digit of 452924?
2
What is the hundreds digit of 127537?
5
What is the ten thousands digit of 154044?
5
What is the ten thousands digit of 228568?
2
What is the millions digit of 1063809?
1
What is the ten thousands digit of 20275833?
7
What is the millions digit of 1868974?
1
What is the hundreds digit of 3669605?
6
What is the units digit of 5663270?
0
What is the units digit of 79672?
2
What is the hundreds digit of 1094003?
0
What is the thousands digit of 50327?
0
What is the tens digit of 18545553?
5
What is the ten thousands digit of 620131?
2
What is the millions digit of 8263731?
8
What is the units digit of 7869026?
6
What is the millions digit of 3707061?
3
What is the hundreds digit of 33341?
3
What is the tens digit of 391810?
1
What is the hundreds digit of 4451299?
2
What is the thousands digit of 71177?
1
What is the thousands digit of 2983466?
3
What is the hundreds digit of 35559580?
5
What is the thousands digit of 1427062?
7
What is the units digit of 278888?
8
What is the hundreds digit of 6459820?
8
What is the hundred thousands digit of 4312217?
3
What is the units digit of 206198?
8
What is the tens digit of 6889579?
7
What is the millions digit of 7747297?
7
What is the units digit of 15179332?
2
What is the hundred thousands digit of 1245700?
2
What is the units digit of 6615533?
3
What is the thousands digit of 771324?
1
What is the tens digit of 599297?
9
What is the tens digit of 143185?
8
What is the hundred thousands digit of 11739055?
7
What is the hundreds digit of 1127304?
3
What is the hundreds digit of 1279014?
0
What is the tens digit of 22692227?
2
What is the units digit of 7361628?
8
What is the hundreds digit of 68275?
2
What is the tens digit of 6060034?
3
What is the tens digit of 166760?
6
What is the hundreds digit of 906466?
4
What is the hundred thousands digit of 29590410?
5
What is the units digit of 63211?
1
What is the hundred thousands digit of 836081?
8
What is the hundred thousands digit of 1877216?
8
What is the units digit of 24531?
1
What is the tens digit of 244406?
0
What is the hundreds digit of 196834?
8
What is the thousands digit of 87397?
7
What is the units digit of 2891569?
9
What is the tens digit of 36277?
7
What is the tens digit of 166525?
2
What is the hundreds digit of 60963?
9
What is the hundred thousands digit of 14445634?
4
What is the thousands digit of 3015696?
5
What is the hundred thousands digit of 15330421?
3
What is the hundreds digit of 692035?
0
What is the units digit of 945633?
3
What is the units digit of 201084?
4
What is the thousands digit of 69908?
9
What is the ten thousands digit of 223242?
2
What is the hundred thousands digit of 10240015?
2
What is the tens digit of 13689925?
2
What is the ten thousands digit of 45033?
4
What is the tens digit of 408514?
1
What is the tens digit of 225451?
5
What is the thousands digit of 102524?
2
What is the tens digit of 609360?
6
What is the thousands digit of 476982?
6
What is the thousands digit of 237348?
7
What is the ten thousands digit of 1508786?
0
What is the units digit of 422899?
9
What is the hundreds digit of 193674?
6
What is the tens digit of 108571?
7
What is the tens digit of 105891?
9
What is the units digit of 772348?
8
What is the units digit of 4913628?
8
What is the tens digit of 1452143?
4
What is the tens digit of 207922?
2
What is the units digit of 558624?
4
What is the hundreds digit of 16705829?
8
What is the ten thousands digit of 18708210?
0
What is the units digit of 269799?
9
What is the ten thousands digit of 653329?
5
What is the units digit of 534444?
4
What is the tens digit of 870540?
4
What is the hundred thousands digit of 21764607?
7
What is the tens digit of 1417104?
0
What is the hundred thousands digit of 323439?
3
What is the units digit of 278154?
4
What is the tens digit of 939857?
5
What is the units digit of 321532?
2
What is the tens digit of 225156?
5
What is the hundreds digit of 20653?
6
What is the thousands digit of 624468?
4
What is the millions digit of 11460479?
1
What is the thousands digit of 1513565?
3
What is the tens digit of 347945?
4
What is the ten thousands digit of 10119190?
1
What is the ten thousands digit of 382117?
8
What is the hundred thousands digit of 288433?
2
What is the hundred thousands digit of 4024636?
0
What is the hundred thousands digit of 917515?
9
What is the hundreds digit of 51642?
6
What is the hundreds digit of 648197?
1
What is the units digit of 32821426?
6
What is the hundreds digit of 311147?
1
What is the tens digit of 7181875?
7
What is the hundreds digit of 667206?
2
What is the units digit of 4420867?
7
What is the ten millions digit of 34862598?
3
What is the units digit of 177482?
2
What is the hundreds digit of 12136010?
0
What is the units digit of 168402?
2
What is the ten thousands digit of 548310?
4
What is the tens digit of 798647?
4
What is the tens digit of 492099?
9
What is the millions digit of 2402468?
2
What is the thousands digit of 2544084?
4
What is the thousands digit of 5502262?
2
What is the hundred thousands digit of 1479721?
4
What is the hundred thousands digit of 4337471?
3
What is the millions digit of 1520672?
1
What is the thousands digit of 6917411?
7
What is the units digit of 275313?
3
What is the hundred thousands digit of 553979?
5
What is the units digit of 730337?
7
What is the ten thousands digit of 175729?
7
What is the hundreds digit of 26089996?
9
What is the hundreds digit of 150252?
2
What is the millions digit of 3962952?
3
What is the hundreds digit of 188633?
6
What is the hundreds digit of 579676?
6
What is the hundred thousands digit of 1873525?
8
What is the tens digit of 14750884?
8
What is the hundreds digit of 3331902?
9
What is the hundred thousands digit of 440136?
4
What is the ten thousands digit of 1072290?
7
What is the hundred thousands digit of 13845816?
8
What is the thousands digit of 716459?
6
What is the millions digit of 1650166?
1
What is the tens digit of 228649?
4
What is the ten thousands digit of 20547?
2
What is the hundred thousands digit of 1701718?
7
What is the thousands digit of 630236?
0
What is the thousands digit of 6394?
6
What is the ten thousands digit of 6239587?
3
What is the units digit of 598529?
9
What is the thousands digit of 404417?
4
What is the thousands digit of 5333325?
3
What is the ten thousands digit of 320217?
2
What is the thousands digit of 117676?
7
What is the tens digit of 2136627?
2
What is the hundreds digit of 419688?
6
What is the hundreds digit of 340594?
5
What is the units digit of 720024?
4
What is the thousands digit of 265063?
5
What is the ten millions digit of 16283940?
1
What is the thousands digit of 17825104?
5
What is the hundreds digit of 303198?
1
What is the ten thousands digit of 10996438?
9
What is the ten thousands digit of 233501?
3
What is the millions digit of 5381705?
5
What is the ten thousands digit of 127506?
2
What is the tens digit of 947327?
2
What is the ten thousands digit of 759794?
5
What is the tens digit of 14343?
4
What is the hundred thousands digit of 637171?
6
What is the hundred thousands digit of 924462?
9
What is the ten